ded by 19.
18
Calculate the remainder when 148 is divided by 39.
31
What is the remainder when 6213 is divided by 113?
111
What is the remainder when 212 is divided by 71?
70
What is the remainder when 3796 is divided by 38?
34
Calculate the remainder when 123 is divided by 18.
15
What is the remainder when 129 is divided by 97?
32
What is the remainder when 550 is divided by 79?
76
What is the remainder when 427 is divided by 72?
67
What is the remainder when 208 is divided by 37?
23
What is the remainder when 138 is divided by 16?
10
What is the remainder when 338 is divided by 10?
8
Calculate the remainder when 387 is divided by 30.
27
Calculate the remainder when 1431 is divided by 41.
37
Calculate the remainder when 142 is divided by 48.
46
Calculate the remainder when 132 is divided by 49.
34
Calculate the remainder when 202 is divided by 6.
4
Calculate the remainder when 2648 is divided by 50.
48
What is the remainder when 961 is divided by 26?
25
What is the remainder when 181 is divided by 53?
22
What is the remainder when 1065 is divided by 350?
15
What is the remainder when 1220 is divided by 401?
17
What is the remainder when 389 is divided by 102?
83
Calculate the remainder when 242 is divided by 65.
47
What is the remainder when 146 is divided by 58?
30
Calculate the remainder when 81 is divided by 21.
18
What is the remainder when 590 is divided by 150?
140
Calculate the remainder when 52733 is divided by 187.
186
What is the remainder when 37143 is divided by 95?
93
What is the remainder when 819 is divided by 273?
0
What is the remainder when 239 is divided by 12?
11
Calculate the remainder when 74 is divided by 43.
31
Calculate the remainder when 3958 is divided by 36.
34
What is the remainder when 424 is divided by 107?
103
Calculate the remainder when 973 is divided by 77.
49
What is the remainder when 492 is divided by 164?
0
What is the remainder when 320 is divided by 14?
12
What is the remainder when 34 is divided by 5?
4
Calculate the remainder when 503 is divided by 82.
11
What is the remainder when 1821 is divided by 61?
52
Calculate the remainder when 240 is divided by 35.
30
What is the remainder when 1801 is divided by 106?
105
What is the remainder when 134 is divided by 23?
19
Calculate the remainder when 4050 is divided by 2023.
4
What is the remainder when 905 is divided by 203?
93
Calculate the remainder when 120 is divided by 37.
9
What is the remainder when 512 is divided by 43?
39
What is the remainder when 163 is divided by 48?
19
What is the remainder when 488 is divided by 98?
96
Calculate the remainder when 641 is divided by 34.
29
What is the remainder when 537 is divided by 45?
42
What is the remainder when 199 is divided by 7?
3
Calculate the remainder when 1348 is divided by 50.
48
What is the remainder when 527 is divided by 60?
47
What is the remainder when 2329 is divided by 6?
1
Calculate the remainder when 1592 is divided by 84.
80
Calculate the remainder when 504 is divided by 41.
12
Calculate the remainder when 3528 is divided by 2.
0
What is the remainder when 1663 is divided by 37?
35
What is the remainder when 271 is divided by 129?
13
Calculate the remainder when 471 is divided by 365.
106
Calculate the remainder when 341 is divided by 43.
40
What is the remainder when 101 is divided by 32?
5
Calculate the remainder when 2938 is divided by 44.
34
What is the remainder when 129 is divided by 36?
21
What is the remainder when 748 is divided by 370?
8
Calculate the remainder when 1306 is divided by 119.
116
What is the remainder when 560 is divided by 17?
16
Calculate the remainder when 356 is divided by 101.
53
What is the remainder when 274 is divided by 142?
132
What is the remainder when 54 is divided by 31?
23
What is the remainder when 483 is divided by 18?
15
Calculate the remainder when 4 is divided by 1.
0
What is the remainder when 33342 is divided by 32?
30
What is the remainder when 91 is divided by 32?
27
Calculate the remainder when 191 is divided by 13.
9
What is the remainder when 4068 is divided by 408?
396
What is the remainder when 549 is divided by 50?
49
Calculate the remainder when 651 is divided by 5.
1
Calculate the remainder when 724 is divided by 235.
19
Calculate the remainder when 94 is divided by 19.
18
Calculate the remainder when 1075 is divided by 83.
79
Calculate the remainder when 359 is divided by 26.
21
What is the remainder when 1632 is divided by 19?
17
Calculate the remainder when 294 is divided by 81.
51
What is the remainder when 202 is divided by 80?
42
What is the remainder when 57 is divided by 25?
7
What is the remainder when 4089 is divided by 54?
39
What is the remainder when 1165 is divided by 147?
136
What is the remainder when 8315 is divided by 16?
11
What is the remainder when 84 is divided by 22?
18
Calculate the remainder when 559 is divided by 4.
3
What is the remainder when 1049 is divided by 77?
48
Calculate the remainder when 1505 is divided by 294.
35
What is the remainder when 587 is divided by 28?
27
Calculate the remainder when 154 is divided by 42.
28
Calculate the remainder when 98 is divided by 48.
2
What is the remainder when 257 is divided by 13?
10
Calculate the remainder when 34 is divided by 14.
6
Calculate the remainder when 801 is divided by 75.
51
Calculate the remainder when 326 is divided by 41.
39
Calculate the remainder when 257 is divided by 25.
7
Calculate the remainder when 92 is divided by 25.
17
What is the remainder when 368 is divided by 46?
0
Calculate the remainder when 411 is divided by 198.
15
What is the remainder when 73 is divided by 10?
3
What is the remainder when 273 is divided by 122?
29
What is the remainder when 204 is divided by 198?
6
Calculate the remainder when 935 is divided by 59.
50
What is the remainder when 177 is divided by 26?
21
Calculate the remainder when 121 is divided by 14.
9
What is the remainder when 259 is divided by 90?
79
Calculate the remainder when 936 is divided by 20.
16
What is the remainder when 9 is divided by 3?
0
Calculate the remainder when 956 is divided by 474.
8
What is the remainder when 390 is divided by 78?
0
What is the remainder when 682 is divided by 5?
2
Calculate the remainder when 1881 is divided by 52.
9
Calculate the remainder when 738 is divided by 16.
2
Calculate the remainder when 212 is divided by 209.
3
What is the remainder when 478 is divided by 37?
34
What is the remainder when 1048 is divided by 42?
40
Calculate the remainder when 1000 is divided by 59.
56
What is the remainder when 519 is divided by 5?
4
Calculate the remainder when 22 is divided by 20.
2
Calculate the remainder when 1595 is divided by 34.
31
What is the remainder when 45 is divided by 26?
19
Calculate the remainder when 2753 is divided by 54.
53
Calculate the remainder when 4957 is divided by 67.
66
Calculate the remainder when 289 is divided by 57.
4
Calculate the remainder when 6846 is divided by 23.
15
Calculate the remainder when 3198 is divided by 168.
6
What is the remainder when 1375 is divided by 335?
35
What is the remainder when 236 is divided by 34?
32
Calculate the remainder when 165 is divided by 7.
4
What is the remainder when 199 is divided by 157?
42
Calculate the remainder when 72 is divided by 10.
2
Calculate the remainder when 1200 is divided by 74.
16
What is the remainder when 201 is divided by 70?
61
Calculate the remainder when 335 is divided by 24.
23
Calculate the remainder when 2479 is divided by 5.
4
Calculate the remainder when 18154 is divided by 34.
32
What is the remainder when 931 is divided by 232?
3
What is the remainder when 310 is divided by 139?
32
What is the remainder when 843 is divided by 53?
48
Calculate the remainder when 355 is divided by 51.
49
Calculate the remainder when 414 is divided by 26.
24
What is the remainder when 3046 is divided by 180?
166
What is the remainder when 124 is divided by 90?
34
Calculate the remainder when 251 is divided by 14.
13
Calculate the remainder when 212 is divided by 24.
20
Calculate the remainder when 48 is divided by 30.
18
Calculate the remainder when 617 is divided by 62.
59
Calculate the remainder when 70 is divided by 44.
26
Calculate the remainder when 611 is divided by 62.
53
Calcu